- 7. What is g(-17)?
10
Let b(m) = -m**3 - 56*m**2 - 847*m - 2018. Calculate b(-23).
6
Let g(w) = -3*w**2 - 58*w - 164. Determine g(-16).
-4
Let q(m) = m**2 + 58*m + 59. What is q(-1)?
2
Let z(d) = -d**3 + 39*d**2 + 544*d + 299. What is z(50)?
-1
Let s(d) = -9*d + 15. What is s(5)?
-30
Let w(a) = -485*a + 2920. What is w(6)?
10
Let h(b) = 3*b**2 + 248*b + 350. Give h(-81).
-55
Let z(u) = 1481*u - 11852. Give z(8).
-4
Let n(h) = -63*h**3 + 2*h**2 - 4*h + 3. Give n(1).
-62
Let l(s) = -10*s**2 + 4*s - 3. Calculate l(4).
-147
Let f(h) = -1325*h + 56992. Calculate f(43).
17
Let w(q) = 3*q**2 - 13*q - 19. What is w(-1)?
-3
Let i(n) = 96*n**2 - 4127*n - 52. Determine i(43).
-9
Let n(v) = -6*v + 108. Determine n(0).
108
Let m(q) = -3*q**2 - 117*q - 73. What is m(-37)?
149
Let h(o) = -94*o - 96. Give h(-1).
-2
Let g(u) = -206*u - 376. Give g(-2).
36
Let f(j) = -j**3 - 47*j**2 - 244*j + 65. Give f(-41).
-17
Let h(x) = -29*x - 209. Determine h(-10).
81
Let t(v) = 44*v - 3223. What is t(77)?
165
Let p(t) = t**3 - 81*t**2 - 171*t + 408. Calculate p(83).
-7
Let v(l) = -839*l + 7636. Give v(9).
85
Let f(g) = -g**2 + 21*g + 501. Calculate f(0).
501
Let x(n) = n**2 - 33*n + 176. Calculate x(20).
-84
Let y(k) = 29*k**3 - 3*k**2 + 13*k - 8. What is y(3)?
787
Let t(v) = -v**3 - 7*v**2 + 26*v - 198. What is t(-11)?
0
Let t(x) = -77*x**2 - 192*x + 6. Give t(-3).
-111
Let x(m) = -69*m**2 - 57*m - 57. Determine x(-1).
-69
Let k(f) = -f**3 + 9*f**2 + 31*f - 65. Calculate k(11).
34
Let t(z) = -3*z**2 - 168*z + 341. Give t(2).
-7
Let w(x) = x**3 + 6*x**2 + 17*x + 24. Determine w(-4).
-12
Let j(t) = 51*t - 1117. What is j(17)?
-250
Let k(w) = -904*w + 3606. Give k(4).
-10
Let a(m) = -m**2 + 168*m - 2014. Give a(13).
1
Let j(v) = -6*v**2 + 15*v - 72. Calculate j(4).
-108
Let d(a) = -18*a - 2098. Determine d(-114).
-46
Let g(v) = 2*v**3 - 5*v**2 - 6*v + 41. Give g(3).
32
Let c(y) = -y**3 + 37*y**2 + 13*y - 489. Determine c(37).
-8
Let i(p) = 9*p**2 + 77*p - 28. Give i(-9).
8
Let c(y) = y**3 - 73*y**2 - 70*y - 297. Determine c(74).
-1
Let y(c) = c**2 - 44*c - 245. Give y(-6).
55
Let s(w) = -w**2 + 53*w - 614. Calculate s(13).
-94
Let w(i) = -799*i + 1449. What is w(2)?
-149
Let c(h) = 4*h**3 + 664*h**2 + 9*h + 1499. Determine c(-166).
5
Let z(a) = -220*a - 3285. Calculate z(-14).
-205
Let o(m) = -2*m**3 - 17*m**2 + 4*m - 29. What is o(-9)?
16
Let m(x) = 5*x**2 + 104*x + 344. Give m(-17).
21
Let m(y) = 84*y + 1143. What is m(-13)?
51
Let b(u) = 6*u**2 + 60*u - 272. What is b(-15)?
178
Let u(o) = o**3 + 17*o**2 + 3*o - 24. What is u(-17)?
-75
Let t(f) = -7987*f + 23978. Calculate t(3).
17
Let k(t) = -t**3 - 56*t**2 + 135*t + 1102. Determine k(-58).
0
Let o(w) = 35*w**2 + 100*w + 100. Give o(-1).
35
Let z(r) = -11*r - 26. Calculate z(-9).
73
Let n(y) = -85*y + 241. Determine n(3).
-14
Let j(n) = n**3 + 58*n**2 - 58*n + 201. Determine j(-59).
142
Let a(o) = -o**3 - 40*o**2 + 40*o - 45. What is a(-41)?
-4
Let x(y) = y**3 + 40*y**2 - 122*y + 299. Calculate x(-43).
-2
Let v(y) = y**3 + 15*y**2 + 6*y + 27. What is v(-15)?
-63
Let b(l) = -25*l - 22. Calculate b(-5).
103
Let f(o) = 50*o**2 - 1667*o + 565. What is f(33)?
4
Let v(s) = -1796*s + 16171. What is v(9)?
7
Let s(g) = 2*g**2 + 34*g - 210. Give s(-22).
10
Let j(b) = -15*b - 208. Give j(-13).
-13
Let d(p) = -21*p**2 + 662*p - 324. Determine d(31).
17
Let o(j) = j**3 + 46*j**2 - 312*j - 5. Calculate o(-52).
-5
Let l(u) = -5*u + 13. What is l(2)?
3
Let f(g) = -54*g**2 - 42*g - 16. Determine f(-1).
-28
Let a(r) = 103*r**2 - 47173*r - 449. Determine a(458).
9
Let b(y) = -2330*y - 11673. What is b(-5)?
-23
Let d(t) = -t**2 + 30*t - 65. What is d(31)?
-96
Let l(h) = h**3 - 18*h**2 - 173*h - 42. What is l(25)?
8
Let x(v) = v**3 - 27*v**2 + 111*v - 11. What is x(21)?
-326
Let r(k) = 15*k - 1163. What is r(74)?
-53
Let t(n) = -5*n**2 - 115*n + 144. Determine t(-24).
24
Let t(k) = 2726*k - 43597. Determine t(16).
19
Let o(s) = -s**3 + 25*s**2 + 24*s - 84. What is o(26)?
-136
Let f(q) = -q**2 + 78*q + 1595. Calculate f(-18).
-133
Let c(t) = -26*t**2 + 739*t + 1483. Give c(-2).
-99
Let y(h) = -2*h**3 + 56*h**2 - 98*h - 50. Give y(26).
106
Let q(c) = -c**3 - 75*c**2 + 317*c + 66. Give q(-79).
-13
Let v(a) = 90*a - 3220. What is v(36)?
20
Let k(v) = v**3 + 52*v**2 - 108*v + 13. What is k(-54)?
13
Let p(w) = w**3 + 5*w**2 + 5*w + 42. Calculate p(-6).
-24
Let o(h) = -20*h - 49. Give o(-4).
31
Let q(h) = h**3 + 22*h**2 - 35*h - 13. Calculate q(-23).
263
Let m(q) = -3*q**2 + q + 159. Calculate m(-7).
5
Let c(w) = -21*w + 1154. Determine c(52).
62
Let k(d) = -10*d + 411. What is k(43)?
-19
Let f(h) = -4*h - 59. Calculate f(-4).
-43
Let h(y) = 5*y**2 - 21. Give h(0).
-21
Let h(o) = 68211*o + 204637. What is h(-3)?
4
Let w(m) = 1697*m**2 - 44125*m + 67. Calculate w(26).
-11
Let s(x) = -41*x + 2017. Determine s(50).
-33
Let n(m) = -6*m**2 - 108*m + 87. What is n(-19)?
-27
Let i(p) = -4*p**3 - 3*p**2 - 3*p - 75. Give i(-5).
365
Let w(f) = -f**2 + 223*f - 1683. Calculate w(7).
-171
Let p(g) = 2*g**2 + 56*g - 204. Give p(-32).
52
Let c(w) = 404*w + 1335. What is c(-3)?
123
Let k(p) = -3*p**3 - 200*p**2 + 274*p + 143. What is k(-68)?
7
Let p(s) = 2*s**2 + 195*s + 1077. Determine p(-91).
-106
Let t(p) = -4*p**2 - 48*p - 186. Calculate t(-5).
-46
Let m(a) = -2*a**2 + 153*a + 1534. Give m(-9).
-5
Let n(c) = 2*c**3 - 66*c**2 + 64*c - 65. Give n(32).
-65
Let n(f) = -3*f**3 - 5*f**2 - 22*f + 2. Give n(-4).
202
Let t(n) = -4*n**3 - n**2 + 16*n + 31. What is t(0)?
31
Let r(s) = s**2 + 11*s + 49. Give r(-4).
21
Let r(m) = -m**3 - 45*m**2 - 101*m + 10. Determine r(-43).
655
Let a(f) = -7*f + 291. Calculate a(34).
53
Let y(z) = -3*z**3 - 23*z**2 - 24*z - 12. Calculate y(-7).
58
Let s(y) = 21*y - 1248. What is s(59)?
-9
Let x(t) = -t**3 - 11*t**2 + 32*t + 36. What is x(-13)?
-42
Let w(t) = t**2 - 54*t - 3229. Give w(-36).
11
Let s(h) = -42*h**2 - 8*h + 10. Give s(1).
-40
Let m(c) = -5*c - 78. What is m(-29)?
67
Let w(t) = 84*t - 196. Calculate w(2).
-28
Let v(b) = -b**2 - 7*b + 78. Calculate v(-13).
0
Let v(b) = b**3 - 7*b**2 + 31*b - 81. What is v(4)?
-5
Let n(r) = 56*r**2 - 100*r - 100. Calculate n(-1).
56
Let v(r) = 2621*r + 20940. Determine v(-8).
-28
Let p(q) = -2*q**2 + 159*q + 10408. Calculate p(122).
38
Let l(j) = 92*j + 861. What is l(-9)?
33
Let o(d) = 2*d**3 - 98*d**2 - 6. What is o(49)?
-6
Let k(o) = -34*o**3 + o**2 + 8*o - 8. Calculate k(1).
-33
Let w(s) = 73*s - 360. Calculate w(6).
78
Let x(b) = 60*b - 182. Give x(6).
178
Let a(l) = 2*l - 42. Give a(-34).
-110
Let k(n) = -12*n - 64. Give k(4).
-112
Let h(m) = -m**3 - 6*m**2 - 31*m - 434. Determine h(-9).
88
Let v(j) = -j**3 + 4*j**2 - 14*j + 65. Determine v(4).
9
Let w(i) = -164*i + 1339. Calculate w(8).
27
Let b(i) = 98*i - 491. What is b(5)?
-1
Let a(z) = -203*z**2 + 1423*z - 12. Give a(7).
2
Let z(n) = 62*n - 120. What is z(-13)?
-926
Let q(n) = -5*n**2 + 309*n + 1835. Give q(-6).
-199
Let y(f) = f**2 + 23*f - 1026. Calculate y(25).
174
Let h(g) = -80*g**3 + g**2 - 3*g + 1. Determine h(1).
-81
Let w(u) = 2*u**2 + 79*u - 3592. What is w(27)?
-1
Let y(t) = t**3 + 3*t**2 - 342*t + 32. Give y(17).
-2
Let g(x) = x**3 - 16*x**2 - 4*x + 15. What is g(16)?
-49
Let w(v) = -127*v - 1300. Calculate w(-10).
-30
Let r(g) = 19*g**2 - 102*g - 12. Give r(6).
60
Let u(g) = -11*g + 115. What is u(-15)?
280
Let r(t) = t**3 - 61*t**2 - 180*t - 813. Give r(64).
-45
Let o(r) = -43*r**2 + 2. What is o(1)?
-41
Let m(w) = w**2 + 258*w - 16507. Determine m(53).
-24
Let l(k) = -2*k**2 - 8*k + 23. What is l(3)?
-19
Let l(b) = -5264*b + 31570. What is l(6)?
-14
Let v(w) = -25*w**2 + 70*w + 161. Calculate v(5).
-114
Let f(p) = -p**2 - 178*p + 2491. Calculate f(13).
8
Let u(c) = -23*c + 60. Calculate u(3).
-9
Let b(g) = -2*g**3 + 6*g**2 + 5*g - 27. What is b(6)?
-213
Let q(g) = -g**3 - 29*g**2 - 4*g - 1025. Determine q(-30).
-5
Let h(g) = -59*g - 245. Give h(-6).
109
Let s(o) = o**2 + 394*o + 1165. Calculate s(-3).
-8
Let c(u) = 127*u + 653. Determine c(-10).
-617
Let w(l) = -l**3 - 21*l**2 + 97*l - 86. Determine w(-25).
-11
Let v(o) = -18*o - 1272. What is v(-69)?
-30
Let d(l) = l**3 - 17*l**2 + 34*l + 187. Determine d(6).
-5
Let n(x) = -x**3 - 12*x**2 - 14*x - 7. What is n(-5)?
-112
Let c(a) = -3*a**2 - 7*a + 21. Calcula